me factors of d.
2, 3, 59
Let g(x) = x**2 + 4*x - 5. Let o be g(-5). Suppose 0*n - 558 = -2*t - n, o = 3*n. What are the prime factors of t?
3, 31
Suppose 3*j + y - 3 = 7, 2*j + 5*y - 11 = 0. What are the prime factors of -5*j/(-30)*(-2 - -270)?
2, 67
Suppose 17 = 2*f - 1893. List the prime factors of f.
5, 191
Let u = -5 + 12. Let f(x) be the third derivative of x**5/30 - 5*x**4/24 - 2*x**3/3 - 7*x**2 - 4. List the prime factors of f(u).
59
Suppose 3*s - 20 = 13. Let a = 30 - s. Let m = a - -13. List the prime factors of m.
2
Let q = 39 - 88. Let z = 29 + q. Let k = z + 30. List the prime factors of k.
2, 5
Let w(u) = u**3 - u**2 + u - 1. Let a(g) = 3*g**3 + 7*g**2 - 2*g + 8. Let n(v) = -a(v) + 2*w(v). What are the prime factors of n(-10)?
2, 5
Suppose -3 = q - 3*q + 5*n, -4*q - 2*n + 18 = 0. Let m(f) = -2*f**3 - 2 + 2 - 4*f**2 - 1 + 2*f + 3*f**3. What are the prime factors of m(q)?
7
Suppose 4*b + 12 + 12 = 4*a, a = -5*b - 18. Let h be 2*(10/b + 3). What are the prime factors of 9/18*(55 - h)?
3
Suppose 5*z - 364 - 86 = 0. Let a be 7*(z/(-21))/(-5). Suppose -a*g + 32 = -118. List the prime factors of g.
5
Let t(j) = -j**3 - 4*j**2 + 13*j + 7. Let a be t(-6). Let d(g) = g + 1. Let y be d(a). List the prime factors of y*-1 - (-12 - 11).
3, 7
Let i(m) = -40 - 15*m**2 + 48 + 3*m - 11*m - m**3. What are the prime factors of i(-15)?
2
Let p be (-326)/(3 + (-6 - -4)). Let x = -179 - p. Suppose w = 4*o - x, 0 = -3*o - 3*w + 10 + 89. List the prime factors of o.
2, 3
Suppose -49 + 37 = -4*w. Suppose -s - w*s - 5*o = -271, 0 = 4*o + 20. List the prime factors of s.
2, 37
Let x = -433 - -835. List the prime factors of x.
2, 3, 67
Let t be (7/14)/((-5)/10 + 1). Suppose 2*a - 4*m = -104, -3*a = -a + 5*m + 122. What are the prime factors of 2 + 0 - (t + a)?
3, 19
Suppose 6*n + 294 = 3*n. Let h = 111 + n. What are the prime factors of h?
13
Let a(u) = 274*u - 2. Suppose 2*i = 4*i - 4. Let z be a(i). List the prime factors of (-8)/(-20) - z/(-10).
5, 11
Let j = 81 - 83. Let v(o) be the first derivative of 2*o**3 - o**2 - 4*o - 1. What are the prime factors of v(j)?
2, 3
Let b(h) = 5*h**2 + 5*h + 4. Let y be b(-6). Suppose z + y = 3*z. List the prime factors of z/2 + 1/2.
3, 13
Let v = -8 - -12. Suppose 0*l + 22 = -2*f - l, -v*l = -16. Let q(r) = r**2 + 11*r + 3. List the prime factors of q(f).
29
Suppose -325 = -z + 995. Suppose 4*q = -r + 2132 + z, 5*q - 4*r - 4336 = 0. What are the prime factors of (-4)/(-14) - q/(-14)?
2, 31
Suppose -y + 199 = d, -y + d = -37 - 162. What are the prime factors of y?
199
Let s(t) = t**2 + 4*t + 3. Let z be s(-4). Suppose 176 = z*o + 2*o - 4*b, 0 = 2*o - 3*b - 69. Suppose 54 + o = 5*q. List the prime factors of q.
2, 3
Let y be (0 + -7)/(8/16). Let q = y - -27. Suppose -3*v + 64 = q. What are the prime factors of v?
17
Suppose -q + 72 = -2*h + 2353, 0 = 5*h - 5*q - 5710. What are the prime factors of h?
17, 67
Suppose 4*r = 3*i - 16408, -4*i + 4*r - 5*r + 21852 = 0. What are the prime factors of 3/(-5) - i/(-40)?
2, 17
Suppose -2*m - 53 = 5*y + 398, 0 = -4*m - 4*y - 896. Let b = m + 333. What are the prime factors of b?
2, 5, 11
Let c(j) = -19*j - 11. Let y be c(-7). Suppose 6*a + 2*p - y = 3*a, 2*a = 3*p + 64. What are the prime factors of a?
2, 19
Let h(a) = -5*a**3 + 6*a**2 + 11*a + 13. What are the prime factors of h(-4)?
5, 7, 11
Suppose 22*o - 162*o + 314020 = 0. List the prime factors of o.
2243
Let u = -291 - -930. Let w = -355 + u. What are the prime factors of w?
2, 71
Let p(x) = x**3 - 4*x**2 + 5 + 0*x**3 + 0 + 0*x**3 + 2*x. List the prime factors of p(5).
2, 5
Let g(f) = -4311*f**3 + 5*f**2 - 2*f - 7. What are the prime factors of g(-1)?
3, 479
Suppose -4*v - 7*z + 748 = -2*z, 0 = -5*v + 5*z + 935. Let u = -125 + v. List the prime factors of u - 4*(-1 - 0).
2, 3, 11
Let z(o) = 77*o**2 + 3*o - 4. What are the prime factors of z(-3)?
2, 5, 17
Let p(t) = -8*t - 30. Let o be p(-5). Suppose -486 = o*s - 16*s. What are the prime factors of s?
3
Let i(p) = p**2 - 3*p + 2. Let g be i(5). Let j = g + -10. Suppose 0 = 3*f + 5*w - 40, 0 = 2*f + j*f - w - 84. What are the prime factors of f?
2, 5
Suppose -4*n + f = -n - 6, 2*n - 3*f - 4 = 0. Suppose 3*q - n - 10 = 0. List the prime factors of 18/q - 2/(-4).
5
Let i(p) = 0 + 9*p - 1 + 3 - 8 + 7*p**2. List the prime factors of i(-7).
2, 137
Let p(y) = 214*y - 349. List the prime factors of p(9).
19, 83
What are the prime factors of (-108)/(-324) + (0 - 3442/(-6))?
2, 7, 41
Let f(h) = h**3 - 4*h**2 + 5*h - 3. Let m be f(3). Suppose 0 = -5*p - m*s + 57, -3*p + 4*s + 5 = -6. Let d = p + -7. List the prime factors of d.
2
Suppose -3*p + 4*y + 10309 = 0, -5*p = 2*y - 11381 - 5792. List the prime factors of p.
3, 5, 229
Suppose 0 = -4*d - 4*j + 500 - 140, -5*j + 276 = 3*d. Let n = d - 14. List the prime factors of n.
73
Let z(d) = -9 + 9 + 2*d + 2*d**3 - 2*d**2. Let k be (12/(-18))/(2/(-6)). List the prime factors of z(k).
2, 3
Suppose -4 - 8 = 6*j. What are the prime factors of j + 6 - (-1 + -37)?
2, 3, 7
List the prime factors of 269 + (-2)/(-2) + 6.
2, 3, 23
Let q = 3835 + -1589. What are the prime factors of q?
2, 1123
Suppose -4*s = 2*n - 1266, -3*n + 10*s + 1927 = 9*s. List the prime factors of n.
641
Let t = 78 - -195. List the prime factors of t.
3, 7, 13
Suppose 7*j - 8322 = 23451. What are the prime factors of j?
3, 17, 89
Let k = -13 - -10. Let d be 1/k + (-22)/(-3). Let m = d + -4. List the prime factors of m.
3
Let t(d) = 2*d**2 + 13*d + 4. Let k be t(-6). Let g be (10 + k)*1/4. Suppose -3*q - g*q + 225 = 0. What are the prime factors of q?
3, 5
Suppose 5*j + 36 = 9*j. Suppose j*o + 3 = 10*o. Suppose 0 = o*k - k - 24. What are the prime factors of k?
2, 3
List the prime factors of 16*70/(-4 + (-4 - -10)).
2, 5, 7
Let b(d) = d + 12. Let g be b(0). Suppose g = -2*r + r. List the prime factors of 3*(-2)/r*34.
17
Let g = -1158 + 1797. Suppose 0 = 2*d - 4*y - 304, 2*y - g + 167 = -3*d. What are the prime factors of d?
2, 3, 13
Suppose -3*p + 12 = 0, -9*p + 11*p = 2*c - 3204. What are the prime factors of c?
2, 11, 73
Suppose -6*r - 27 = -147. Let o(i) = 8*i - 10. List the prime factors of o(r).
2, 3, 5
Suppose -3*l - 462 - 619 = -4*z, -4*l + 842 = 3*z. What are the prime factors of z?
2, 137
Suppose 4*k = 12 - 0. Suppose k*z - 5*z - 6 = 0. What are the prime factors of 15 + (0 - (z + 2))?
2
Let n(w) = -w**3 - 15*w**2 + 16*w + 34. List the prime factors of n(-17).
2, 5, 17
Suppose -22814 = -25*b + 24136. List the prime factors of b.
2, 3, 313
Let i(r) = 2*r + 170. What are the prime factors of i(-18)?
2, 67
Let q(b) = -2*b - 10. Let n be q(-4). Let g be -11 + n + -1 + 2. Let x = g + 66. What are the prime factors of x?
2, 3
Let b(q) = -q - 3. Let t(c) = 1. Let f(y) = b(y) + 5*t(y). Let u be f(-6). List the prime factors of 4/u - 30/(-4).
2
Suppose -2*u - 3*u + 75 = 0. List the prime factors of 4/(-6) - (-1810)/u.
2, 3, 5
Suppose -x - 3*c + 11 = 0, 3 = -x - 2*x + 3*c. Let a(t) = 7*t + 4*t**x - t**3 + 0*t**2 + 13 - 6 - t. What are the prime factors of a(5)?
2, 3
Let c be (-1)/(-2)*(-2 - -10). Let l be ((-6)/(-8))/(4/16). Let r = c + l. What are the prime factors of r?
7
Let a(z) = 22*z**2 - z + 1. Let x be a(1). Let l be (-20)/(-6)*18/(-5). Let v = x + l. List the prime factors of v.
2, 5
Let i(g) = 5*g**3 + 6*g**2 + 8*g - 3. List the prime factors of i(6).
3, 149
Let h(w) = 35 - 29*w - 4 + 10*w. List the prime factors of h(-9).
2, 101
Suppose 12803 = 3*a + 2147. List the prime factors of a.
2, 3, 37
Suppose 2*k - 2*s = -2*k + 34, 0 = -5*k - 4*s + 10. Suppose k*u + 2 = 7*u. List the prime factors of (u - -2)*(-52)/(-8).
2, 13
Let u(c) = -2*c**3 - 3*c**2 - 35*c + 57. List the prime factors of u(-11).
2741
Let l(s) = -s**3 + 40*s**2 - 69*s - 85. List the prime factors of l(37).
13, 113
Suppose 14393 = -21*v + 87683. List the prime factors of v.
2, 5, 349
Suppose -15*k + 7070 = -8*k. List the prime factors of k.
2, 5, 101
Let u be 237/9 - (-1)/((-9)/(-6)). Suppose -2*l + 1 = n - u, 0 = 3*n. List the prime factors of l.
2, 7
Let b = 72 - 69. Suppose 0 = -5*k - 4*y + 64, 5*k - b*y + 9 = 66. What are the prime factors of k?
2, 3
Let i be (3/(-4) - -2)*68. Let p = i + -140. Let b = 77 + p. What are the prime factors of b?
2, 11
Suppose -316 - 1739 = -5*x. Let s = -272 + x. List 